{"id":78,"date":"2024-02-12T18:03:08","date_gmt":"2024-02-12T17:03:08","guid":{"rendered":"https:\/\/geraldinefredon.com\/?page_id=78"},"modified":"2026-04-23T17:59:11","modified_gmt":"2026-04-23T15:59:11","slug":"lactu","status":"publish","type":"page","link":"https:\/\/geraldinefredon.com\/index.php\/lactu\/","title":{"rendered":"L\u2019Actu"},"content":{"rendered":"\n<p>Je re\u00e7ois chaque ann\u00e9e un\/une artiste de c\u0153ur dans mon salon. <br>\ud83c\udf1f 2025 \u00e0 laiss\u00e9 pass\u00e9 son tour, place en<strong> 2026 \u00e0 Sophie Marcha<\/strong>l pour son SATSANG*, <br><strong>Le 13 Juin<\/strong> toute la journ\u00e9e. <strong>10hre\/17hre<\/strong>. Nous la recevons, cette fois-ci au magnifique Moulin de Valsonne, chez l&#8217;habitant, Sophie B\u00e9rard \ud83d\ude09 <br>Un \u00e9v\u00e8nement organis\u00e9 par<strong> l&#8217;Ashram du coeur de Lyo<\/strong>n, \u201cr\u00e9seau social Lyonnais\u201c (dont je suis \u00e0 l&#8217;origine) et par l&#8217;\u00e9quipe de b\u00e9n\u00e9voles. <br>Ce r\u00e9seau de Lyon est rattach\u00e9 \u00e0 <strong>\u201cl&#8217;Ashram du coeur\u201c<\/strong> \ud83d\udc49<a href=\"https:\/\/ashramducoeur.com\"> https:\/\/ashramducoeur.com<\/a>, cr\u00e9e par Pierre Ler\u00e9 Guillemet et G\u00e9rald Ben Merzoug. <em>2 joyeux lurons que j&#8217;adore, rencontr\u00e9 il y a 20 ans, lors d&#8217;un mariage d&#8217;amis en commun<\/em> ; ils font aujourd&#8217;hui des tourn\u00e9es dans toute la France \u00e9tal\u00e9es, sur plusieurs ann\u00e9es puis Suisse, Belgique, Guadeloupe, ..<br><\/p>\n\n\n\n<p>En attendant, voil\u00e0 de quoi d\u00e9couvrir nos 2 \u201cSophie\u201c pour l&#8217;\u00e9v\u00e8nement  :<br>\ud83d\udc49 <a href=\"https:\/\/www.eveilausoi.com\"> https:\/\/www.y<\/a> \/ notre invit\u00e9 <br>\ud83d\udc49 <a href=\"https:\/\/www.youtube.com\/watch?v=F_xVk0ByBYA\">https:\/\/www.youtube.com\/watch?v=F_xVk0ByBYA<\/a> \/ notre h\u00f4te<\/p>\n\n\n\n<p>On vous esp\u00e8re nombreux et on vous dis \u00e0 bien vite !<\/p>\n\n\n\n<figure class=\"wp-block-image size-large\"><img loading=\"lazy\" decoding=\"async\" width=\"724\" height=\"1024\" src=\"https:\/\/geraldinefredon.com\/wp-content\/uploads\/2026\/01\/AFFICHE-Sophie-M-1-724x1024.jpg\" alt=\"\" class=\"wp-image-1748\" srcset=\"https:\/\/geraldinefredon.com\/wp-content\/uploads\/2026\/01\/AFFICHE-Sophie-M-1-724x1024.jpg 724w, https:\/\/geraldinefredon.com\/wp-content\/uploads\/2026\/01\/AFFICHE-Sophie-M-1-212x300.jpg 212w, https:\/\/geraldinefredon.com\/wp-content\/uploads\/2026\/01\/AFFICHE-Sophie-M-1-768x1086.jpg 768w, https:\/\/geraldinefredon.com\/wp-content\/uploads\/2026\/01\/AFFICHE-Sophie-M-1-1086x1536.jpg 1086w, https:\/\/geraldinefredon.com\/wp-content\/uploads\/2026\/01\/AFFICHE-Sophie-M-1-1448x2048.jpg 1448w, https:\/\/geraldinefredon.com\/wp-content\/uploads\/2026\/01\/AFFICHE-Sophie-M-1-42x60.jpg 42w, https:\/\/geraldinefredon.com\/wp-content\/uploads\/2026\/01\/AFFICHE-Sophie-M-1-scaled.jpg 1810w\" sizes=\"(max-width: 724px) 100vw, 724px\" \/><\/figure>\n\n\n\n<p>&#8212;&#8212;&#8211;<br>ISADAN, \u00e9v\u00e8nement musical report\u00e9 au Printemps 2027, <br><em>..Affiche en cours r\u00e9actualisation<\/em><br>En attendant voil\u00e0 de quoi d\u00e9couvrir le couple de g\u00e9nie :<br>\ud83d\udc49 <a href=\"https:\/\/isadan-contact.systeme.io\/inscription\">https:\/\/www.youtube.com\/watch?v=vomrSKJK7rc<\/a><\/p>\n\n\n\n<p><\/p>\n\n\n\n<figure class=\"wp-block-image size-large\"><img loading=\"lazy\" decoding=\"async\" width=\"651\" height=\"1024\" src=\"https:\/\/geraldinefredon.com\/wp-content\/uploads\/2025\/03\/ISADAN-Affiche-651x1024.jpg\" alt=\"\" class=\"wp-image-342\" srcset=\"https:\/\/geraldinefredon.com\/wp-content\/uploads\/2025\/03\/ISADAN-Affiche-651x1024.jpg 651w, https:\/\/geraldinefredon.com\/wp-content\/uploads\/2025\/03\/ISADAN-Affiche-191x300.jpg 191w, https:\/\/geraldinefredon.com\/wp-content\/uploads\/2025\/03\/ISADAN-Affiche-768x1207.jpg 768w, https:\/\/geraldinefredon.com\/wp-content\/uploads\/2025\/03\/ISADAN-Affiche-977x1536.jpg 977w, https:\/\/geraldinefredon.com\/wp-content\/uploads\/2025\/03\/ISADAN-Affiche-1303x2048.jpg 1303w, https:\/\/geraldinefredon.com\/wp-content\/uploads\/2025\/03\/ISADAN-Affiche-38x60.jpg 38w, https:\/\/geraldinefredon.com\/wp-content\/uploads\/2025\/03\/ISADAN-Affiche-scaled.jpg 1629w\" sizes=\"(max-width: 651px) 100vw, 651px\" \/><\/figure>\n\n\n\n<figure class=\"wp-block-image size-large\"><img loading=\"lazy\" decoding=\"async\" width=\"1024\" height=\"724\" src=\"https:\/\/geraldinefredon.com\/wp-content\/uploads\/2025\/02\/HOME-Rencontre-planche-1024x724.jpg\" alt=\"\" class=\"wp-image-315\" srcset=\"https:\/\/geraldinefredon.com\/wp-content\/uploads\/2025\/02\/HOME-Rencontre-planche-1024x724.jpg 1024w, https:\/\/geraldinefredon.com\/wp-content\/uploads\/2025\/02\/HOME-Rencontre-planche-300x212.jpg 300w, https:\/\/geraldinefredon.com\/wp-content\/uploads\/2025\/02\/HOME-Rencontre-planche-768x543.jpg 768w, https:\/\/geraldinefredon.com\/wp-content\/uploads\/2025\/02\/HOME-Rencontre-planche-1536x1086.jpg 1536w, https:\/\/geraldinefredon.com\/wp-content\/uploads\/2025\/02\/HOME-Rencontre-planche-2048x1448.jpg 2048w, https:\/\/geraldinefredon.com\/wp-content\/uploads\/2025\/02\/HOME-Rencontre-planche-85x60.jpg 85w\" sizes=\"(max-width: 1024px) 100vw, 1024px\" \/><\/figure>\n\n\n\n<p><\/p>\n\n\n\n<p>..dans sa majesteuse chapelle \ud83d\udc49<a href=\"https:\/\/www.chapelledartdularzac.com\">https:\/\/www.chapelledartdularzac.com<\/a><\/p>\n\n\n\n<figure class=\"wp-block-image size-large is-resized\"><img loading=\"lazy\" decoding=\"async\" width=\"1024\" height=\"724\" src=\"https:\/\/geraldinefredon.com\/wp-content\/uploads\/2025\/02\/HOME-Rencontre-planche2-1024x724.jpg\" alt=\"\" class=\"wp-image-316\" style=\"width:751px;height:auto\" srcset=\"https:\/\/geraldinefredon.com\/wp-content\/uploads\/2025\/02\/HOME-Rencontre-planche2-1024x724.jpg 1024w, https:\/\/geraldinefredon.com\/wp-content\/uploads\/2025\/02\/HOME-Rencontre-planche2-300x212.jpg 300w, https:\/\/geraldinefredon.com\/wp-content\/uploads\/2025\/02\/HOME-Rencontre-planche2-768x543.jpg 768w, https:\/\/geraldinefredon.com\/wp-content\/uploads\/2025\/02\/HOME-Rencontre-planche2-1536x1086.jpg 1536w, https:\/\/geraldinefredon.com\/wp-content\/uploads\/2025\/02\/HOME-Rencontre-planche2-2048x1448.jpg 2048w, https:\/\/geraldinefredon.com\/wp-content\/uploads\/2025\/02\/HOME-Rencontre-planche2-85x60.jpg 85w\" sizes=\"(max-width: 1024px) 100vw, 1024px\" \/><\/figure>\n\n\n\n<p>..et sa nouvelle chaine, tellement humaine \ud83d\udc49<a href=\"https:\/\/www.youtube.com\/watch?v=5_di7PwosR0\">https:\/\/www.stephaneayrault.com<\/a><\/p>\n\n\n\n<figure class=\"wp-block-image size-large\"><img loading=\"lazy\" decoding=\"async\" width=\"1024\" height=\"724\" src=\"https:\/\/geraldinefredon.com\/wp-content\/uploads\/2025\/02\/HOME-Rencontre-planche3-1024x724.jpg\" alt=\"\" class=\"wp-image-317\" srcset=\"https:\/\/geraldinefredon.com\/wp-content\/uploads\/2025\/02\/HOME-Rencontre-planche3-1024x724.jpg 1024w, https:\/\/geraldinefredon.com\/wp-content\/uploads\/2025\/02\/HOME-Rencontre-planche3-300x212.jpg 300w, https:\/\/geraldinefredon.com\/wp-content\/uploads\/2025\/02\/HOME-Rencontre-planche3-768x543.jpg 768w, https:\/\/geraldinefredon.com\/wp-content\/uploads\/2025\/02\/HOME-Rencontre-planche3-1536x1086.jpg 1536w, https:\/\/geraldinefredon.com\/wp-content\/uploads\/2025\/02\/HOME-Rencontre-planche3-2048x1448.jpg 2048w, https:\/\/geraldinefredon.com\/wp-content\/uploads\/2025\/02\/HOME-Rencontre-planche3-85x60.jpg 85w\" sizes=\"(max-width: 1024px) 100vw, 1024px\" \/><\/figure>\n\n\n\n<p>..et voil\u00e0 ici une de ses nombreuses vid\u00e9os ; un t\u00e9moignage puissant et poignant de vie \ud83d\udc49<a href=\"https:\/\/www.youtube.com\/watch?v=lBgi0TKXUC0\">https:\/\/www.youtube.com\/watch?v=TCbYGhUzX20<\/a><\/p>\n\n\n\n<p><\/p>\n","protected":false},"excerpt":{"rendered":"<p>Je re\u00e7ois chaque ann\u00e9e un\/une artiste de c\u0153ur dans mon salon. \ud83c\udf1f 2025 \u00e0 laiss\u00e9 pass\u00e9 son tour, place en 2026 \u00e0 Sophie Marchal pour &hellip; <\/p>\n","protected":false},"author":1,"featured_media":0,"parent":0,"menu_order":0,"comment_status":"closed","ping_status":"closed","template":"","meta":{"om_disable_all_campaigns":false,"_monsterinsights_skip_tracking":false,"_monsterinsights_sitenote_active":false,"_monsterinsights_sitenote_note":"","_monsterinsights_sitenote_category":0,"footnotes":""},"aioseo_notices":[],"_links":{"self":[{"href":"https:\/\/geraldinefredon.com\/index.php\/wp-json\/wp\/v2\/pages\/78"}],"collection":[{"href":"https:\/\/geraldinefredon.com\/index.php\/wp-json\/wp\/v2\/pages"}],"about":[{"href":"https:\/\/geraldinefredon.com\/index.php\/wp-json\/wp\/v2\/types\/page"}],"author":[{"embeddable":true,"href":"https:\/\/geraldinefredon.com\/index.php\/wp-json\/wp\/v2\/users\/1"}],"replies":[{"embeddable":true,"href":"https:\/\/geraldinefredon.com\/index.php\/wp-json\/wp\/v2\/comments?post=78"}],"version-history":[{"count":36,"href":"https:\/\/geraldinefredon.com\/index.php\/wp-json\/wp\/v2\/pages\/78\/revisions"}],"predecessor-version":[{"id":1912,"href":"https:\/\/geraldinefredon.com\/index.php\/wp-json\/wp\/v2\/pages\/78\/revisions\/1912"}],"wp:attachment":[{"href":"https:\/\/geraldinefredon.com\/index.php\/wp-json\/wp\/v2\/media?parent=78"}],"curies":[{"name":"wp","href":"https:\/\/api.w.org\/{rel}","templated":true}]}}

<p>Je reçois chaque année un/une artiste de cœur dans mon salon. <br>🌟 2025 à laissé passé son tour, place en<strong> 2026 à Sophie Marcha</strong>l pour son SATSANG*, <br><strong>Le 13 Juin</strong> toute la journée. <strong>10hre/17hre</strong>. Nous la recevons, cette fois-ci au magnifique Moulin de Valsonne, chez l&#8217;habitant, Sophie Bérard 😉 <br>Un évènement organisé par<strong> l&#8217;Ashram du coeur de Lyo</strong>n, “réseau social Lyonnais“ (dont je suis à l&#8217;origine) et par l&#8217;équipe de bénévoles. <br>Ce réseau de Lyon est rattaché à <strong>“l&#8217;Ashram du coeur“</strong> 👉<a href="https://ashramducoeur.com"> https://ashramducoeur.com</a>, crée par Pierre Leré Guillemet et Gérald Ben Merzoug. <em>2 joyeux lurons que j&#8217;adore, rencontré il y a 20 ans, lors d&#8217;un mariage d&#8217;amis en commun</em> ; ils font aujourd&#8217;hui des tournées dans toute la France étalées, sur plusieurs années puis Suisse, Belgique, Guadeloupe, ..<br></p>



<p>En attendant, voilà de quoi découvrir nos 2 “Sophie“ pour l&#8217;évènement  :<br>👉 <a href="https://www.eveilausoi.com"> https://www.y</a> / notre invité <br>👉 <a href="https://www.youtube.com/watch?v=F_xVk0ByBYA">https://www.youtube.com/watch?v=F_xVk0ByBYA</a> / notre hôte</p>



<p>On vous espère nombreux et on vous dis à bien vite !</p>



<figure class="wp-block-image size-large"><img loading="lazy" decoding="async" width="724" height="1024" src="https://geraldinefredon.com/wp-content/uploads/2026/01/AFFICHE-Sophie-M-1-724x1024.jpg" alt="" class="wp-image-1748" srcset="https://geraldinefredon.com/wp-content/uploads/2026/01/AFFICHE-Sophie-M-1-724x1024.jpg 724w, https://geraldinefredon.com/wp-content/uploads/2026/01/AFFICHE-Sophie-M-1-212x300.jpg 212w, https://geraldinefredon.com/wp-content/uploads/2026/01/AFFICHE-Sophie-M-1-768x1086.jpg 768w, https://geraldinefredon.com/wp-content/uploads/2026/01/AFFICHE-Sophie-M-1-1086x1536.jpg 1086w, https://geraldinefredon.com/wp-content/uploads/2026/01/AFFICHE-Sophie-M-1-1448x2048.jpg 1448w, https://geraldinefredon.com/wp-content/uploads/2026/01/AFFICHE-Sophie-M-1-42x60.jpg 42w, https://geraldinefredon.com/wp-content/uploads/2026/01/AFFICHE-Sophie-M-1-scaled.jpg 1810w" sizes="(max-width: 724px) 100vw, 724px" /></figure>



<p>&#8212;&#8212;&#8211;<br>ISADAN, évènement musical reporté au Printemps 2027, <br><em>..Affiche en cours réactualisation</em><br>En attendant voilà de quoi découvrir le couple de génie :<br>👉 <a href="https://isadan-contact.systeme.io/inscription">https://www.youtube.com/watch?v=vomrSKJK7rc</a></p>



<p></p>



<figure class="wp-block-image size-large"><img loading="lazy" decoding="async" width="651" height="1024" src="https://geraldinefredon.com/wp-content/uploads/2025/03/ISADAN-Affiche-651x1024.jpg" alt="" class="wp-image-342" srcset="https://geraldinefredon.com/wp-content/uploads/2025/03/ISADAN-Affiche-651x1024.jpg 651w, https://geraldinefredon.com/wp-content/uploads/2025/03/ISADAN-Affiche-191x300.jpg 191w, https://geraldinefredon.com/wp-content/uploads/2025/03/ISADAN-Affiche-768x1207.jpg 768w, https://geraldinefredon.com/wp-content/uploads/2025/03/ISADAN-Affiche-977x1536.jpg 977w, https://geraldinefredon.com/wp-content/uploads/2025/03/ISADAN-Affiche-1303x2048.jpg 1303w, https://geraldinefredon.com/wp-content/uploads/2025/03/ISADAN-Affiche-38x60.jpg 38w, https://geraldinefredon.com/wp-content/uploads/2025/03/ISADAN-Affiche-scaled.jpg 1629w" sizes="(max-width: 651px) 100vw, 651px" /></figure>



<figure class="wp-block-image size-large"><img loading="lazy" decoding="async" width="1024" height="724" src="https://geraldinefredon.com/wp-content/uploads/2025/02/HOME-Rencontre-planche-1024x724.jpg" alt="" class="wp-image-315" srcset="https://geraldinefredon.com/wp-content/uploads/2025/02/HOME-Rencontre-planche-1024x724.jpg 1024w, https://geraldinefredon.com/wp-content/uploads/2025/02/HOME-Rencontre-planche-300x212.jpg 300w, https://geraldinefredon.com/wp-content/uploads/2025/02/HOME-Rencontre-planche-768x543.jpg 768w, https://geraldinefredon.com/wp-content/uploads/2025/02/HOME-Rencontre-planche-1536x1086.jpg 1536w, https://geraldinefredon.com/wp-content/uploads/2025/02/HOME-Rencontre-planche-2048x1448.jpg 2048w, https://geraldinefredon.com/wp-content/uploads/2025/02/HOME-Rencontre-planche-85x60.jpg 85w" sizes="(max-width: 1024px) 100vw, 1024px" /></figure>



<p></p>



<p>..dans sa majesteuse chapelle 👉<a href="https://www.chapelledartdularzac.com">https://www.chapelledartdularzac.com</a></p>



<figure class="wp-block-image size-large is-resized"><img loading="lazy" decoding="async" width="1024" height="724" src="https://geraldinefredon.com/wp-content/uploads/2025/02/HOME-Rencontre-planche2-1024x724.jpg" alt="" class="wp-image-316" style="width:751px;height:auto" srcset="https://geraldinefredon.com/wp-content/uploads/2025/02/HOME-Rencontre-planche2-1024x724.jpg 1024w, https://geraldinefredon.com/wp-content/uploads/2025/02/HOME-Rencontre-planche2-300x212.jpg 300w, https://geraldinefredon.com/wp-content/uploads/2025/02/HOME-Rencontre-planche2-768x543.jpg 768w, https://geraldinefredon.com/wp-content/uploads/2025/02/HOME-Rencontre-planche2-1536x1086.jpg 1536w, https://geraldinefredon.com/wp-content/uploads/2025/02/HOME-Rencontre-planche2-2048x1448.jpg 2048w, https://geraldinefredon.com/wp-content/uploads/2025/02/HOME-Rencontre-planche2-85x60.jpg 85w" sizes="(max-width: 1024px) 100vw, 1024px" /></figure>



<p>..et sa nouvelle chaine, tellement humaine 👉<a href="https://www.youtube.com/watch?v=5_di7PwosR0">https://www.stephaneayrault.com</a></p>



<figure class="wp-block-image size-large"><img loading="lazy" decoding="async" width="1024" height="724" src="https://geraldinefredon.com/wp-content/uploads/2025/02/HOME-Rencontre-planche3-1024x724.jpg" alt="" class="wp-image-317" srcset="https://geraldinefredon.com/wp-content/uploads/2025/02/HOME-Rencontre-planche3-1024x724.jpg 1024w, https://geraldinefredon.com/wp-content/uploads/2025/02/HOME-Rencontre-planche3-300x212.jpg 300w, https://geraldinefredon.com/wp-content/uploads/2025/02/HOME-Rencontre-planche3-768x543.jpg 768w, https://geraldinefredon.com/wp-content/uploads/2025/02/HOME-Rencontre-planche3-1536x1086.jpg 1536w, https://geraldinefredon.com/wp-content/uploads/2025/02/HOME-Rencontre-planche3-2048x1448.jpg 2048w, https://geraldinefredon.com/wp-content/uploads/2025/02/HOME-Rencontre-planche3-85x60.jpg 85w" sizes="(max-width: 1024px) 100vw, 1024px" /></figure>



<p>..et voilà ici une de ses nombreuses vidéos ; un témoignage puissant et poignant de vie 👉<a href="https://www.youtube.com/watch?v=lBgi0TKXUC0">https://www.youtube.com/watch?v=TCbYGhUzX20</a></p>



<p></p>

<p>Je reçois chaque année un/une artiste de cœur dans mon salon. 🌟 2025 à laissé passé son tour, place en 2026 à Sophie Marchal pour &hellip; </p>
