{"id":2,"date":"2024-02-06T15:47:27","date_gmt":"2024-02-06T14:47:27","guid":{"rendered":"http:\/\/geraldinefredon.com\/?page_id=2"},"modified":"2026-03-31T14:40:43","modified_gmt":"2026-03-31T12:40:43","slug":"page-d-exemple","status":"publish","type":"page","link":"https:\/\/geraldinefredon.com\/index.php\/page-d-exemple\/","title":{"rendered":"G\u00e9raldine Fredon"},"content":{"rendered":"\n<p><em>Abraham Maslow disait cela aussi \u00ab&nbsp;<strong>A l\u2019int\u00e9rieur de chaque \u00eatre vivant, il y a une\u2028 pulsion interne, une impulsion Divine, de s\u2019exprimer\u2028 compl\u00e8tement et merveilleusement\u201c<\/strong>&nbsp;Et c\u2019est bien la pr\u00e9sence de ce site&nbsp;;&nbsp;transmettre,&nbsp;offrir et partager que soit dans sa forme professionnelle ou personnelle m\u00eal\u00e9e.<\/em><br>&#8212;&#8212;&#8212;&#8211;<\/p>\n\n\n\n<p><strong>\u00ab&nbsp;Toute nouvelle cr\u00e9ation est une nouvelle voie, un nouveau chemin pour Dieu.<\/strong><\/p>\n\n\n\n<p><strong>Il s\u2019agit d\u2019\u00eatre imaginatif dans votre monde, r\u00e9ellement.<\/strong>&nbsp;Voyez comme, \u00e0 la fin,&nbsp;l\u2019art de la cr\u00e9ation, l\u2019art tout court, devient ici une \u0153uvre de Dieu.<\/p>\n\n\n\n<p><strong>Dieu est Le Cr\u00e9ateur<\/strong>, pas simplement celui qui garde vivante la cr\u00e9ation, ceci est un peu notre r\u00f4le \u00e0 nous tous, v\u00e9ritablement&nbsp;<strong>Celui qui cr\u00e9e sans cesse<\/strong>.<\/p>\n\n\n\n<p>Vous pourriez imaginer que Dieu est un \u00eatre qui est tout le temps au bureau en train de cr\u00e9er encore, encore, encore, encore\u2009; cr\u00e9er pour unir, cr\u00e9er pour donner une nouvelle occasion d\u2019aimer autre chose, d\u2019aimer quelque chose de nouveau, d\u2019aimer encore&nbsp;<em>ce qui est<\/em>, de maintenir cet Amour. Il maintient Son Amour. Il maintient Son Amour pour&nbsp;<em>tout ce qui est<\/em>, de plus, Il cr\u00e9e sans cesse&nbsp;\u00bb<\/p>\n\n\n\n<p>Extrait Sylvain Didelot &#8211; f\u00e9vrier 2026<\/p>\n\n\n\n<p>&#8212;&#8212;&#8212;&#8211;<\/p>\n\n\n\n<p>Je crois profond\u00e9ment que&nbsp;<strong>nous avons besoin de nous relier, de marcher ensemble et de partager nos \u00e9lans du c\u0153ur depuis sagesse et conscience<\/strong> car L&#8217;\u00e9lan du coeur seul parfois ne suffit pas &#8211; besoin d&#8217;une humanit\u00e9 plus apais\u00e9e, plus constitutive, plus humaine tout simplement. Et je crois que \u00e7a se construit ensemble.<\/p>\n\n\n\n<p>Ancienne graphiste-designer,\u00a0illustratrice form\u00e9e en \u00e9cole\u00a0d\u2019art sur Paris, connect\u00e9e \u00e0 un canal intuitif\u00a0depuis mon enfance je me d\u00e9finis aujourd\u2019hui comme une exploratrice infatigable, \u00e9veilleuse du vivant\u2026Convaincue que la \u201cbeaut\u00e9\u201c est partout,\u00a0au c\u0153ur de la pr\u00e9sence\u00a0et de la soci\u00e9t\u00e9 nouvelle de demain,\u00a0je tente d\u2019en faire une ressource essentielle\u00a0et vivante, porteuse de sens.\u00a0<br>Je propose par cet ouvrage ; <br>2 choses : <br><strong>1\u00a0 parcours combin\u00e9 de 3 pratiques initiatiques<\/strong> (dites th\u00e9rapeutiques, sans en \u00eatre) regroup\u00e9es sous le nom\u00a0 : <strong>\u201cL\u2019Art, Le Verbe\/Son et la Couleur\u201c*<\/strong>  (processus bien d\u00e9taill\u00e9 sur les autres pages).<br>&amp;<br><strong>1 espace galeries vivantes d&#8217;images<\/strong> de ce qui me meut, dans les domaines de l&#8217;Art, comme la joie d&#8217;un instant d\u00e9lib\u00e9r\u00e9 et fou sous forme de s\u00e9ries photo, la peinture abstraite et\/ou \u00e9vanescente, le dessin &amp; mod\u00e8le vivant, l&#8217;\u00e9criture inspir\u00e9e r\u00e9\u00e9crite facilit\u00e9e en pri\u00e8re et v\u0153ux, le voyage et le bien-\u00eatre \u00e0 travers la recherche de mati\u00e8re et\/ou l&#8217;am\u00e9nagement d&#8217;espace, avec aussi l&#8217;objet d&#8217;art et l&#8217;artisanat.<\/p>\n\n\n\n<p>Depuis une envie d\u2019\u00eatre ce qui s\u2019exprime au plus profond de moi, v\u00e9ritablement \u00e9prise d&#8217;Harmonie avec le H en grand, vous trouverez, sur ce site toutes les manifestations ou formes cr\u00e9atives que prennent la Beaut\u00e9 pour moi (ces derni\u00e8res \u201cdessin\u00e9es\u201c au fil des ann\u00e9es).<\/p>\n\n\n\n<p>&#8212;&#8212;&#8212;&#8212;-<\/p>\n\n\n\n<h4 class=\"wp-block-heading\">Dans sa version po\u00e9tique, chacun des mots, son et images \u00e9mis(es) sur ce blog, s ils r\u00e9sonnent pour toi peuvent \u00eatre vivant, comme tout ce qui t entoure et t attire maintenant, l\u00e0 o\u00f9 tu te trouves.<\/h4>\n\n\n\n<h4 class=\"wp-block-heading\">Chacun d eux ; mots, son et images, peut s actualiser dans ton existence, <em>doucement mais s\u00fbrement<\/em>, pourquoi pas puissamment si ta sensibilit\u00e9 de fond et celle de l instant, connect\u00e9e terre ciel, fusionnent.&nbsp;<\/h4>\n\n\n\n<p>Il t appartient ce choix d en saisir la nuance sensible et naturellement si cela se pr\u00e9sente, d engager l \u00e9lan action dans laquelle te m\u00e8ne cette \u201cvariable\u201c de l existence, si un mouvement se l\u00e8ve en toi, dans cet instant.&nbsp;<\/p>\n\n\n\n<p>Et surtout depuis qui tu es en ta singularit\u00e9, inlassablement personnaliser le sens de tout ce que tu trouves sur ce site &amp; pouvoir inscrire cet ensemble au plus doux de tes possibles.&nbsp;<\/p>\n\n\n\n<p>Texte de Jacques Salom\u00e9 &#8211; r\u00e9\u00e9crit par mes soins au contexte du site.<br>&#8212;&#8212;-<br>\u201cOsons avancer\u201c vers cet existence sensible, harmonieuse, abondante de ce qui g\u00eet d\u00e9j\u00e0 autour de nous et en nous. Pour ce faire peut-\u00eatre ; encore et toujours Etre et ce depuis nos corps intimes, tout \u00e0 la fois vuln\u00e9rable et puissant. <br>Vivre et avancer honor\u00e9s et heureux de pouvoir marcher ensemble sur cette Terre nouvelle &#8211; au nom de l&#8217;Amour, du Soutien Mutuel et d&#8217;une Joie ; <em>partout l\u00e0, cach\u00e9e m\u00eame dans nos intensit\u00e9s ressenties plus douloureuses<\/em>.<\/p>\n\n\n\n<p>&#8212;&#8212;-<\/p>\n\n\n\n<p>\u00ab <strong><em>La pri\u00e8re est la respiration de l\u2019\u00e2me.<\/em><\/strong> \u00bb<br>Khalil Gibran<br>Elle sera la mienne pour votre voyage sur ce site, comme \u00ea<strong>tre le t\u00e9moin d\u2019une profondeur, d\u2019une v\u00e9rit\u00e9 et d\u2019une pr\u00e9sence humaine qui va bien au-del\u00e0 d\u2019une simple visite sur un espace.&nbsp;<\/strong><\/p>\n\n\n\n<p><strong>Merci \u00e0 chacun de vous ici, merci pour votre confiance, et si ce site vous plait, vous touche merci pour votre ouverture, merci pour votre beaut\u00e9.<\/strong><\/p>\n\n\n\n<p><\/p>\n\n\n\n<hr class=\"wp-block-separator has-alpha-channel-opacity\"\/>\n\n\n\n<hr class=\"wp-block-separator has-alpha-channel-opacity\"\/>\n\n\n\n<blockquote class=\"wp-block-quote\">\n<figure class=\"wp-block-image size-large\"><img loading=\"lazy\" decoding=\"async\" width=\"1024\" height=\"801\" src=\"https:\/\/geraldinefredon.com\/wp-content\/uploads\/2024\/03\/Portrait-1024x801.jpg\" alt=\"\" class=\"wp-image-103\" srcset=\"https:\/\/geraldinefredon.com\/wp-content\/uploads\/2024\/03\/Portrait-1024x801.jpg 1024w, https:\/\/geraldinefredon.com\/wp-content\/uploads\/2024\/03\/Portrait-300x235.jpg 300w, https:\/\/geraldinefredon.com\/wp-content\/uploads\/2024\/03\/Portrait-768x600.jpg 768w, https:\/\/geraldinefredon.com\/wp-content\/uploads\/2024\/03\/Portrait-77x60.jpg 77w, https:\/\/geraldinefredon.com\/wp-content\/uploads\/2024\/03\/Portrait.jpg 1535w\" sizes=\"(max-width: 1024px) 100vw, 1024px\" \/><\/figure>\n<\/blockquote>\n\n\n\n<p><\/p>\n\n\n\n<blockquote class=\"wp-block-quote\">\n<p><\/p>\n<\/blockquote>\n\n\n\n<p><\/p>\n","protected":false},"excerpt":{"rendered":"<p>Abraham Maslow disait cela aussi \u00ab&nbsp;A l\u2019int\u00e9rieur de chaque \u00eatre vivant, il y a une\u2028 pulsion interne, une impulsion Divine, de s\u2019exprimer\u2028 compl\u00e8tement et merveilleusement\u201c&nbsp;Et &hellip; <\/p>\n","protected":false},"author":1,"featured_media":0,"parent":0,"menu_order":0,"comment_status":"closed","ping_status":"open","template":"","meta":{"om_disable_all_campaigns":false,"_monsterinsights_skip_tracking":false,"_monsterinsights_sitenote_active":false,"_monsterinsights_sitenote_note":"","_monsterinsights_sitenote_category":0,"footnotes":""},"aioseo_notices":[],"_links":{"self":[{"href":"https:\/\/geraldinefredon.com\/index.php\/wp-json\/wp\/v2\/pages\/2"}],"collection":[{"href":"https:\/\/geraldinefredon.com\/index.php\/wp-json\/wp\/v2\/pages"}],"about":[{"href":"https:\/\/geraldinefredon.com\/index.php\/wp-json\/wp\/v2\/types\/page"}],"author":[{"embeddable":true,"href":"https:\/\/geraldinefredon.com\/index.php\/wp-json\/wp\/v2\/users\/1"}],"replies":[{"embeddable":true,"href":"https:\/\/geraldinefredon.com\/index.php\/wp-json\/wp\/v2\/comments?post=2"}],"version-history":[{"count":36,"href":"https:\/\/geraldinefredon.com\/index.php\/wp-json\/wp\/v2\/pages\/2\/revisions"}],"predecessor-version":[{"id":1865,"href":"https:\/\/geraldinefredon.com\/index.php\/wp-json\/wp\/v2\/pages\/2\/revisions\/1865"}],"wp:attachment":[{"href":"https:\/\/geraldinefredon.com\/index.php\/wp-json\/wp\/v2\/media?parent=2"}],"curies":[{"name":"wp","href":"https:\/\/api.w.org\/{rel}","templated":true}]}}

Géraldine Fredon

<p><em>Abraham Maslow disait cela aussi «&nbsp;<strong>A l’intérieur de chaque être vivant, il y a une  pulsion interne, une impulsion Divine, de s’exprimer  complètement et merveilleusement“</strong>&nbsp;Et c’est bien la présence de ce site&nbsp;;&nbsp;transmettre,&nbsp;offrir et partager que soit dans sa forme professionnelle ou personnelle mêlée.</em><br>&#8212;&#8212;&#8212;&#8211;</p>



<p><strong>«&nbsp;Toute nouvelle création est une nouvelle voie, un nouveau chemin pour Dieu.</strong></p>



<p><strong>Il s’agit d’être imaginatif dans votre monde, réellement.</strong>&nbsp;Voyez comme, à la fin,&nbsp;l’art de la création, l’art tout court, devient ici une œuvre de Dieu.</p>



<p><strong>Dieu est Le Créateur</strong>, pas simplement celui qui garde vivante la création, ceci est un peu notre rôle à nous tous, véritablement&nbsp;<strong>Celui qui crée sans cesse</strong>.</p>



<p>Vous pourriez imaginer que Dieu est un être qui est tout le temps au bureau en train de créer encore, encore, encore, encore ; créer pour unir, créer pour donner une nouvelle occasion d’aimer autre chose, d’aimer quelque chose de nouveau, d’aimer encore&nbsp;<em>ce qui est</em>, de maintenir cet Amour. Il maintient Son Amour. Il maintient Son Amour pour&nbsp;<em>tout ce qui est</em>, de plus, Il crée sans cesse&nbsp;»</p>



<p>Extrait Sylvain Didelot &#8211; février 2026</p>



<p>&#8212;&#8212;&#8212;&#8211;</p>



<p>Je crois profondément que&nbsp;<strong>nous avons besoin de nous relier, de marcher ensemble et de partager nos élans du cœur depuis sagesse et conscience</strong> car L&#8217;élan du coeur seul parfois ne suffit pas &#8211; besoin d&#8217;une humanité plus apaisée, plus constitutive, plus humaine tout simplement. Et je crois que ça se construit ensemble.</p>



<p>Ancienne graphiste-designer, illustratrice formée en école d’art sur Paris, connectée à un canal intuitif depuis mon enfance je me définis aujourd’hui comme une exploratrice infatigable, éveilleuse du vivant…Convaincue que la “beauté“ est partout, au cœur de la présence et de la société nouvelle de demain, je tente d’en faire une ressource essentielle et vivante, porteuse de sens. <br>Je propose par cet ouvrage ; <br>2 choses : <br><strong>1  parcours combiné de 3 pratiques initiatiques</strong> (dites thérapeutiques, sans en être) regroupées sous le nom  : <strong>“L’Art, Le Verbe/Son et la Couleur“*</strong>  (processus bien détaillé sur les autres pages).<br>&amp;<br><strong>1 espace galeries vivantes d&#8217;images</strong> de ce qui me meut, dans les domaines de l&#8217;Art, comme la joie d&#8217;un instant délibéré et fou sous forme de séries photo, la peinture abstraite et/ou évanescente, le dessin &amp; modèle vivant, l&#8217;écriture inspirée réécrite facilitée en prière et vœux, le voyage et le bien-être à travers la recherche de matière et/ou l&#8217;aménagement d&#8217;espace, avec aussi l&#8217;objet d&#8217;art et l&#8217;artisanat.</p>



<p>Depuis une envie d’être ce qui s’exprime au plus profond de moi, véritablement éprise d&#8217;Harmonie avec le H en grand, vous trouverez, sur ce site toutes les manifestations ou formes créatives que prennent la Beauté pour moi (ces dernières “dessinées“ au fil des années).</p>



<p>&#8212;&#8212;&#8212;&#8212;-</p>



<h4 class="wp-block-heading">Dans sa version poétique, chacun des mots, son et images émis(es) sur ce blog, s ils résonnent pour toi peuvent être vivant, comme tout ce qui t entoure et t attire maintenant, là où tu te trouves.</h4>



<h4 class="wp-block-heading">Chacun d eux ; mots, son et images, peut s actualiser dans ton existence, <em>doucement mais sûrement</em>, pourquoi pas puissamment si ta sensibilité de fond et celle de l instant, connectée terre ciel, fusionnent.&nbsp;</h4>



<p>Il t appartient ce choix d en saisir la nuance sensible et naturellement si cela se présente, d engager l élan action dans laquelle te mène cette “variable“ de l existence, si un mouvement se lève en toi, dans cet instant.&nbsp;</p>



<p>Et surtout depuis qui tu es en ta singularité, inlassablement personnaliser le sens de tout ce que tu trouves sur ce site &amp; pouvoir inscrire cet ensemble au plus doux de tes possibles.&nbsp;</p>



<p>Texte de Jacques Salomé &#8211; réécrit par mes soins au contexte du site.<br>&#8212;&#8212;-<br>“Osons avancer“ vers cet existence sensible, harmonieuse, abondante de ce qui gît déjà autour de nous et en nous. Pour ce faire peut-être ; encore et toujours Etre et ce depuis nos corps intimes, tout à la fois vulnérable et puissant. <br>Vivre et avancer honorés et heureux de pouvoir marcher ensemble sur cette Terre nouvelle &#8211; au nom de l&#8217;Amour, du Soutien Mutuel et d&#8217;une Joie ; <em>partout là, cachée même dans nos intensités ressenties plus douloureuses</em>.</p>



<p>&#8212;&#8212;-</p>



<p>« <strong><em>La prière est la respiration de l’âme.</em></strong> »<br>Khalil Gibran<br>Elle sera la mienne pour votre voyage sur ce site, comme ê<strong>tre le témoin d’une profondeur, d’une vérité et d’une présence humaine qui va bien au-delà d’une simple visite sur un espace.&nbsp;</strong></p>



<p><strong>Merci à chacun de vous ici, merci pour votre confiance, et si ce site vous plait, vous touche merci pour votre ouverture, merci pour votre beauté.</strong></p>



<p></p>



<hr class="wp-block-separator has-alpha-channel-opacity"/>



<hr class="wp-block-separator has-alpha-channel-opacity"/>



<blockquote class="wp-block-quote">
<figure class="wp-block-image size-large"><img loading="lazy" decoding="async" width="1024" height="801" src="https://geraldinefredon.com/wp-content/uploads/2024/03/Portrait-1024x801.jpg" alt="" class="wp-image-103" srcset="https://geraldinefredon.com/wp-content/uploads/2024/03/Portrait-1024x801.jpg 1024w, https://geraldinefredon.com/wp-content/uploads/2024/03/Portrait-300x235.jpg 300w, https://geraldinefredon.com/wp-content/uploads/2024/03/Portrait-768x600.jpg 768w, https://geraldinefredon.com/wp-content/uploads/2024/03/Portrait-77x60.jpg 77w, https://geraldinefredon.com/wp-content/uploads/2024/03/Portrait.jpg 1535w" sizes="(max-width: 1024px) 100vw, 1024px" /></figure>
</blockquote>



<p></p>



<blockquote class="wp-block-quote">
<p></p>
</blockquote>



<p></p>

<p>Abraham Maslow disait cela aussi «&nbsp;A l’intérieur de chaque être vivant, il y a une  pulsion interne, une impulsion Divine, de s’exprimer  complètement et merveilleusement“&nbsp;Et &hellip; </p>
